s 2788744 a multiple of 532?
True
Is 1242676 a multiple of 57?
False
Is 142 a factor of 1069775?
False
Is 389 a factor of 372662?
True
Is 4975682 a multiple of 271?
False
Does 121 divide 3652949?
False
Is 58 a factor of 2956970?
False
Does 30 divide 385666?
False
Is 233386 a multiple of 6?
False
Is 27 a factor of 3611128?
False
Does 85 divide 107125?
False
Is 1095444 a multiple of 98?
True
Does 981 divide 12380809?
False
Is 64139 a multiple of 8?
False
Is 4822515 a multiple of 15?
True
Is 22 a factor of 67716?
True
Is 448 a factor of 2245376?
True
Is 75 a factor of 107550?
True
Is 52 a factor of 2175212?
True
Is 3 a factor of 32643?
True
Is 15 a factor of 1153710?
True
Does 354 divide 225074?
False
Does 126 divide 2076836?
False
Does 16 divide 271290?
False
Is 359 a factor of 248428?
True
Is 4635386 a multiple of 167?
False
Is 478 a factor of 387292?
False
Is 2 a factor of 151899?
False
Is 35 a factor of 2960685?
True
Is 61320 a multiple of 8?
True
Is 273 a factor of 783510?
True
Is 26 a factor of 638080?
False
Is 5264331 a multiple of 20?
False
Is 26 a factor of 676?
True
Does 81 divide 162324?
True
Is 89 a factor of 62300?
True
Is 223397 a multiple of 17?
True
Is 1258147 a multiple of 171?
False
Is 138 a factor of 5117384?
False
Is 1911700 a multiple of 350?
True
Is 970091 a multiple of 79?
False
Is 73 a factor of 836975?
False
Does 150 divide 1302382?
False
Is 6 a factor of 2148288?
True
Is 193988 a multiple of 356?
False
Does 103 divide 53766?
True
Is 2 a factor of 66230?
True
Is 26 a factor of 8050870?
False
Does 340 divide 1581806?
False
Does 139 divide 1555720?
False
Does 154 divide 433202?
True
Is 523 a factor of 47037?
False
Does 1408 divide 4588759?
False
Is 280987 a multiple of 293?
True
Is 318948 a multiple of 7?
True
Is 212486 a multiple of 74?
False
Is 648749 a multiple of 11?
False
Does 64 divide 4921367?
False
Is 152502 a multiple of 53?
False
Is 957 a factor of 3154272?
True
Does 971 divide 1405690?
False
Does 261 divide 4302682?
False
Is 16 a factor of 50411?
False
Does 23 divide 3533651?
True
Is 178673 a multiple of 2?
False
Does 11 divide 15008?
False
Is 48 a factor of 73392?
True
Is 26 a factor of 1146938?
True
Is 411967 a multiple of 10?
False
Does 54 divide 566298?
True
Does 13 divide 1695213?
True
Does 59 divide 80239?
False
Is 532474 a multiple of 34?
True
Is 17 a factor of 5918?
False
Is 10 a factor of 186222?
False
Is 41952 a multiple of 184?
True
Is 88191 a multiple of 239?
True
Does 24 divide 1135159?
False
Is 588951 a multiple of 11?
True
Is 130216 a multiple of 41?
True
Is 41 a factor of 1227362?
False
Is 16 a factor of 326610?
False
Is 727 a factor of 2271875?
True
Is 53 a factor of 739297?
True
Does 5 divide 435500?
True
Is 487 a factor of 11878620?
False
Does 13 divide 8201318?
False
Is 783 a factor of 2963390?
False
Is 1704604 a multiple of 556?
False
Is 40201 a multiple of 19?
False
Does 100 divide 21850700?
True
Is 17168634 a multiple of 1531?
True
Is 28 a factor of 967680?
True
Is 190571 a multiple of 365?
False
Does 221 divide 11030552?
True
Is 28 a factor of 138292?
True
Is 120534 a multiple of 12?
False
Is 15969015 a multiple of 621?
True
Is 6986412 a multiple of 27?
True
Does 181 divide 106839?
False
Is 2984620 a multiple of 7?
False
Is 140180 a multiple of 192?
False
Is 5873875 a multiple of 25?
True
Is 1742598 a multiple of 22?
True
Does 18 divide 286146?
True
Is 806826 a multiple of 6?
True
Is 13 a factor of 19487?
True
Is 98499 a multiple of 41?
False
Does 248 divide 3472?
True
Does 5 divide 59957?
False
Is 5 a factor of 8084?
False
Does 10 divide 5121?
False
Is 554 a factor of 1735682?
True
Is 14429800 a multiple of 56?
True
Is 125541 a multiple of 66?
False
Is 83564 a multiple of 444?
False
Does 3 divide 135646?
False
Is 11 a factor of 1773495?
False
Is 605969 a multiple of 15?
False
Is 59072 a multiple of 8?
True
Does 135 divide 250188?
False
Is 292 a factor of 13133144?
False
Is 402080 a multiple of 80?
True
Is 348220 a multiple of 136?
False
Is 537 a factor of 2036038?
False
Is 42 a factor of 8477910?
True
Is 40 a factor of 19749360?
True
Is 32 a factor of 1771456?
True
Does 302 divide 206266?
True
Is 113 a factor of 407591?
True
Is 495960 a multiple of 14?
False
Is 1117472 a multiple of 188?
True
Does 67 divide 150616?
True
Is 286 a factor of 392011?
False
Is 13 a factor of 5301517?
True
Is 19 a factor of 169460?
False
Is 81 a factor of 2697522?
False
Does 186 divide 21390?
True
Is 12 a factor of 721308?
True
Does 145 divide 13917100?
True
Is 18 a factor of 2123776?
False
Is 1838601 a multiple of 74?
False
Is 226083 a multiple of 93?
True
Is 14 a factor of 8091398?
True
Is 6731465 a multiple of 47?
False
Is 3070059 a multiple of 27?
False
Does 234 divide 246402?
True
Is 743952 a multiple of 24?
True
Does 3 divide 70636?
False
Is 27 a factor of 75506?
False
Is 5061164 a multiple of 142?
True
Does 14 divide 276234?
True
Is 50 a factor of 1296600?
True
Is 390588 a multiple of 361?
False
Does 113 divide 2928619?
False
Is 3512047 a multiple of 12?
False
Is 1913969 a multiple of 1155?
False
Is 90885 a multiple of 15?
True
Does 3 divide 19368?
True
Does 51 divide 35190?
True
Is 171886 a multiple of 187?
False
Does 438 divide 869868?
True
Is 176156 a multiple of 175?
False
Is 528481 a multiple of 54?
False
Is 23 a factor of 1604994?
False
Is 13 a factor of 35802?
True
Does 124 divide 269948?
True
Does 11 divide 13561217?
False
Does 331 divide 867882?
True
Is 82 a factor of 322413?
False
Is 711399 a multiple of 51?
True
Is 134700 a multiple of 25?
True
Does 195 divide 11324?
False
Is 23 a factor of 489072?
True
Is 17847993 a multiple of 125?
False
Does 784 divide 221872?
True
Does 159 divide 1006311?
True
Does 1344 divide 11961600?
True
Is 47 a factor of 160653?
False
Does 23 divide 21298?
True
Is 6201450 a multiple of 30?
True
Is 9 a factor of 3249142?
False
Does 63 divide 485604?
True
Does 67 divide 465583?
True
Does 150 divide 59792?
False
Is 547884 a multiple of 513?
True
Is 137 a factor of 7792834?
True
Is 390 a factor of 5186610?
True
Is 904774 a multiple of 295?
False
Is 50 a factor of 1058850?
True
Does 266 divide 831566?
False
Does 139 divide 1448841?
False
Is 430940 a multiple of 580?
True
Is 2422128 a multiple of 219?
False
Is 5884445 a multiple of 13?
False
Is 65715 a multiple of 13?
True
Is 31 a factor of 425767?
False
Does 158 divide 26065?
False
Is 3 a factor of 589518?
True
Is 166 a factor of 1017853?
False
Is 111072 a multiple of 19?
False
Is 218646 a multiple of 80?
False
Does 440 divide 2841492?
False
Does 16 divide 30416?
True
Does 9 divide 1090406?
False
Is 2466855 a multiple of 9?
True
Is 1518615 a multiple of 315?
True
Is 174273 a multiple of 36?
False
Does 12 divide 119592?
True
Is 76 a factor of 694508?
False
Is 16 a factor of 108977?
False
Does 1146 divide 381618?
True
Is 46 a factor of 697487?
False
Is 5114 a multiple of 25?
False
Is 61 a factor of 26230?
True
Does 110 divide 136290?
True
Does 1230 divide 680190?
True
Is 8712926 a multiple of 21?
False
Is 34108 a multiple of 11?
False
Does 27 divide 42125?
False
Is 68 a factor of 4310355?
False
Is 35 a factor of 3819413?
False
Does 8 divide 1817928?
True
Is 170392 a multiple of 152?
True
Does 9 divide 37377?
True
Is 39 a factor of 13910676?
True
Is 363165 a multiple of 71?
True
Is 32 a factor of 2887345?
False
Is 1149299 a multiple of 33?
False
Does 41 divide 498478?
True
Does 39 divide 385946?
False
Is 560912 a multiple of 16?
True
Is 387595 a multiple of 871?
True
Does 35 divide 179502?
False
Does 999 divide 10428462?
False
Does 564 divide 313423?
False
Is 1307191 a multiple of 11?
False
Does 2 divide 151165?
False
Does 43 divide 1294212?
False
Does 112 divide 2417070?
False
Is 297604 a multiple of 15?
False
Is 806 a factor of 8019524?
False
Is 204276 a multiple of 116?
True
Does 13 divide 11663463?
False
Is 135 a factor of 3618135?
True
Does 24 divide 149424?
True
Does 75 divide 10832489?
False
Does 35 divide 48440?
True
Is 176 a factor of 432608?
True
Does 16 divide 146922?
False
Is 310 a factor of 3268833?
False
Does 10 divide 52820?
True
Is 551182 a multiple of 21?
False
Is 224 a factor of 298592?
True
Does 51 divide 1249380?
False
Does 29 divide 14623?
False
Is 6241608 a multiple of 12?
True
Is 10251743 a multipl